- 21*r - 10. What is u(-2)?
468
Let n(f) = 297*f**2 - 6843*f + 277. What is n(23)?
1
Let n(i) = i**3 + 28*i**2 + 3*i - 779. Give n(-26).
495
Let l(w) = -w**3 - 36*w**2 - 50*w - 3992. What is l(-38)?
796
Let b(f) = 1553*f + 7764. Determine b(-5).
-1
Let q(b) = 16988*b - 424598. Give q(25).
102
Let c(y) = -4*y**3 - 126*y**2 - 849*y - 266. Calculate c(-22).
20
Let n(w) = -w**2 - 261*w - 16564. What is n(-109)?
4
Let v(u) = u**3 - 7*u**2 + 446*u - 1276. Calculate v(3).
26
Let y(m) = -76*m - 16091. Determine y(-211).
-55
Let o(f) = 70*f**2 - 364*f - 1457. Give o(-4).
1119
Let y(b) = -b**3 - 35*b**2 - 102*b + 701. Give y(-31).
19
Let i(o) = -8092*o + 48562. What is i(6)?
10
Let x(o) = 37*o**2 - 127*o + 484. Determine x(-11).
6358
Let b(d) = 11*d**3 - 10*d**2 + 12*d - 16. What is b(3)?
227
Let u(p) = -798*p - 227. Determine u(2).
-1823
Let j(r) = -6813*r + 20467. What is j(3)?
28
Let m(x) = 12*x**3 - 261*x**2 - 39*x + 12. Determine m(21).
-4776
Let q(h) = 2*h**3 + 106*h**2 - 454*h - 19169. What is q(-54)?
-485
Let z(s) = 46905*s - 656667. Give z(14).
3
Let w(y) = -4*y**2 - 14032*y + 42125. Calculate w(3).
-7
Let b(n) = 9*n**2 + 1057*n - 1611. What is b(-119)?
55
Let x(a) = -1028*a - 12392. Determine x(-12).
-56
Let c(n) = -290*n + 6330. Determine c(17).
1400
Let w(g) = g**2 + 3171*g - 470475. Calculate w(142).
-29
Let n(j) = 17752*j + 1349148. Determine n(-76).
-4
Let h(q) = 95*q**2 + 43418*q - 85819. Determine h(-459).
14
Let t(u) = -2*u**2 - 947*u - 30790. Determine t(-35).
-95
Let t(s) = -175*s**2 - 7404*s - 2275. Determine t(-42).
-7
Let a(x) = -19589*x - 156163. What is a(-8)?
549
Let z(v) = -3546*v + 13444. What is z(4)?
-740
Let i(c) = c**3 + 23*c**2 + 62*c + 273. Give i(-5).
413
Let m(y) = 49*y**3 - 393*y**2 - 10*y - 16. What is m(8)?
-160
Let c(z) = -92248*z**2 + 553488*z. Determine c(6).
0
Let b(r) = -56*r + 4466. Give b(83).
-182
Let k(s) = -s**3 - 11*s**2 - 1101*s - 13400. Calculate k(-12).
-44
Let a(w) = 532*w + 2186. Give a(-4).
58
Let p(y) = 1454*y - 42079. Give p(29).
87
Let x(n) = -n**3 + 4*n**2 - 220352*n + 881408. Determine x(4).
0
Let h(n) = 2*n**3 + 3*n**2 + 14*n + 300. What is h(0)?
300
Let u(x) = -5*x**3 + 18*x**2 + 59*x + 111. Give u(-4).
483
Let z(l) = 231*l + 13987. Give z(-61).
-104
Let y(l) = 21*l**2 - 401*l - 9. Calculate y(3).
-1023
Let i(v) = 29*v**2 - 3378*v - 427. Give i(117).
1328
Let o(w) = 1404079*w + 2808164. Give o(-2).
6
Let g(h) = 923*h + 231132. Determine g(-251).
-541
Let p(h) = 2*h**2 + 2*h + 67. What is p(-31)?
1927
Let i(v) = 1245*v**2 + 7787*v + 18. Determine i(-6).
-1884
Let m(f) = -8*f**2 + 401*f + 969043. Give m(374).
9
Let o(k) = -4*k**3 - k**2 + 57*k + 214. What is o(-6)?
700
Let q(k) = -k**3 - 105*k**2 + 632*k - 3596. Determine q(-111).
178
Let m(g) = -604*g - 23193. What is m(-39)?
363
Let m(g) = 7*g**2 + 792*g + 9785. Determine m(-14).
69
Let z(d) = 13307*d - 22794884. What is z(1713)?
7
Let n(x) = x**2 - 245*x - 5638. Calculate n(264).
-622
Let h(u) = u**3 - 486*u**2 + 2412*u - 3373. What is h(481)?
-6
Let o(x) = -917*x + 64418. Give o(70).
228
Let u(f) = f**3 + 25*f**2 + 1159*f + 30811. Calculate u(-26).
1
Let h(c) = 1003*c**2 + 24079*c + 165. Give h(-24).
-3
Let b(f) = 7751*f - 410849. Give b(53).
-46
Let d(u) = 28*u**3 + 810*u**2 - 84*u - 754. Give d(-29).
0
Let q(o) = -5*o**2 + 320*o - 1583. Calculate q(5).
-108
Let z(o) = 1874*o - 57208. Calculate z(31).
886
Let a(y) = 118*y + 14391. Calculate a(-112).
1175
Let v(o) = 525*o - 154884. Give v(295).
-9
Let a(r) = -29*r**2 - 5451*r + 213. Calculate a(-188).
25
Let g(r) = -26611*r - 26599. Calculate g(-1).
12
Let q(i) = 8061*i - 394989. What is q(49)?
0
Let h(q) = q**3 - 8*q**2 - 669*q + 131. What is h(30)?
-139
Let y(b) = -1523*b - 117207. Determine y(-77).
64
Let c(p) = 108959*p - 1416536. Give c(13).
-69
Let m(r) = -3*r**2 + 19482*r + 77949. Determine m(-4).
-27
Let x(y) = -y**2 + 8165*y + 49019. What is x(-6)?
-7
Let h(m) = m**2 - 72275*m - 505973. Calculate h(-7).
1
Let u(o) = o**3 + 52*o**2 - 89*o + 1064. What is u(-54)?
38
Let u(i) = i**3 - 5*i**2 - 483*i + 219. Give u(24).
-429
Let a(n) = 30*n**2 + 502*n + 1510. Determine a(-3).
274
Let i(x) = 186*x**2 - 146*x + 140. Give i(1).
180
Let z(f) = f**2 - 3755*f - 476496. Determine z(-123).
498
Let l(p) = 3*p**2 + 68354*p - 205087. Give l(3).
2
Let i(t) = 176*t + 8039. What is i(-46)?
-57
Let w(s) = 15064*s + 120513. Determine w(-8).
1
Let u(z) = -409*z**3 + 1215*z**2 + 3*z - 3. Calculate u(3).
-102
Let n(v) = 234*v**2 + 34*v - 65. Determine n(2).
939
Let q(u) = -3*u**3 - 15*u**2 - 72*u - 518. What is q(-6)?
22
Let n(g) = -449*g + 52563. Determine n(117).
30
Let d(v) = 19047*v - 114558. Calculate d(6).
-276
Let x(k) = 35*k**2 + 27*k - 15. Give x(-2).
71
Let q(m) = m**2 + 86*m - 803. Calculate q(-102).
829
Let x(m) = -9*m**2 - 656*m + 123224. Determine x(-159).
-1
Let o(t) = 13*t**2 - 358*t - 4660. Determine o(-10).
220
Let c(p) = 11*p**3 + 287*p**2 + 27*p + 157. What is c(-26)?
131
Let c(j) = -8*j**2 + 1290*j - 7802. What is c(6)?
-350
Let d(q) = 5778*q + 5675. Give d(-1).
-103
Let b(x) = 297*x + 88780. Calculate b(-299).
-23
Let x(s) = -519*s + 2340. What is x(10)?
-2850
Let n(h) = -h**3 - 1817*h**2 - 239384*h - 285. Calculate n(-143).
1
Let u(v) = -1196969*v + 21545442. Calculate u(18).
0
Let s(a) = 11440*a + 11441. What is s(-1)?
1
Let p(u) = -77021*u - 307504. What is p(-4)?
580
Let k(f) = f**3 + 871*f**2 + 13678*f - 1686. Calculate k(-855).
24
Let d(v) = v**3 + 449*v**2 - 7442*v - 926. What is d(-465)?
4
Let f(l) = -3*l**2 + 32*l + 11. Give f(-13).
-912
Let i(o) = 820*o + 375192. Calculate i(-458).
-368
Let j(l) = -3*l**2 - 2902*l - 603124. Give j(-665).
31
Let n(w) = -w**2 - 85*w + 272517. Give n(-566).
271
Let i(p) = 6*p**2 + 2*p + 344. Determine i(-17).
2044
Let a(l) = 312*l**2 - 13115*l + 67. Give a(42).
-395
Let o(n) = -20565*n - 1007688. Calculate o(-49).
-3
Let c(h) = -h**2 - 450*h + 24600. Determine c(50).
-400
Let p(i) = 14*i**2 + 341*i + 437. Calculate p(-23).
0
Let j(f) = f**3 - 12*f**2 + 216*f - 1736. Calculate j(9).
-35
Let f(k) = -66*k**3 - 386*k**2 + 72*k - 43. Determine f(-6).
-115
Let q(u) = 2*u**3 + 13*u**2 - 325*u - 194. Give q(8).
-938
Let q(o) = 13*o**2 - 157*o - 1199. What is q(-8)?
889
Let j(p) = 167957*p + 839808. What is j(-5)?
23
Let y(h) = h**3 - 49*h**2 - 1211*h + 496. Give y(67).
161
Let q(g) = g**3 + 302*g**2 + 1475*g - 2947. What is q(-297)?
23
Let g(y) = -387*y**2 + 3377*y + 34. What is g(8)?
2282
Let x(a) = 2*a**3 - 53*a**2 + 58*a - 38. Give x(-7).
-3727
Let y(w) = w**2 + 102*w - 12026. What is y(-171)?
-227
Let d(r) = r**2 - 116193*r - 3602937. Calculate d(-31).
7
Let z(o) = 20*o**2 + 71*o + 345. Determine z(-5).
490
Let p(o) = 360*o + 783. Give p(-5).
-1017
Let g(w) = w**3 + 4*w**2 + 26762*w + 107058. What is g(-4)?
10
Let y(l) = -1787*l**3 + 7*l**2 + 10*l + 4. What is y(-1)?
1788
Let s(y) = 2*y**3 - 180*y**2 + 497*y + 68. What is s(3)?
-7
Let m(g) = -g**3 - 13*g**2 + 136*g + 952. Determine m(10).
12
Let q(h) = -63*h**3 - 441*h**2 + 390*h + 2726. Determine q(-7).
-4
Let v(f) = -6*f**2 + 360*f - 453. Give v(59).
-99
Let v(w) = 3*w**3 - 395*w**2 - 113*w - 2885. Give v(132).
-377
Let o(u) = -27616*u + 469486. Calculate o(17).
14
Let u(m) = -26*m**3 - 44*m**2 + 5*m + 20. Calculate u(-2).
42
Let n(a) = -44*a**2 + 362*a - 118. Give n(7).
260
Let m(t) = 22*t**2 + 979*t - 568. What is m(-45)?
-73
Let d(x) = x**3 + 68*x**2 - 2937*x + 278. Calculate d(-98).
-16
Let p(z) = -z**3 - 382*z**2 - 1910*z - 10581. Give p(-377).
-1156
Let w(i) = 3*i**2 - 782*i - 6728. What is w(269)?
-3
Let l(t) = 22*t**2 + 1668*t + 4514. Calculate l(-73).
-12
Let b(g) = 73249*g - 3076466. Calculate b(42).
-8
Let t(s) = 4*s**3 - 100*s**2 - 509*s + 35. Determine t(29).
-1270
Let j(d) = 6107*d - 42799. Determine j(7).
-50
Let l(t) = -610*t - 251849. What is l(-413)?
81
Let s(b) = -19*b**2 + 17684*b + 361282. What is s(-20)?
2
Let o(b) = 1388*b - 302611. Give o(218).
-27
Let i(k) = 626*k**2 - 61359*k + 1071. Calculate i(98).
-7
Let v(c) = -1255*c + 11492. What is v(9)?
197
Let g(h) = 1321*h**3 + 18499*h**2 + 68*h - 27. Calculate g(-14).
1
Let m(b) = 2*b**2 - 4503*b - 975355. Give m(-199).
-56
Let p(k) = 302*k**2 - 129555*k - 1365. What is p(429)?
-78
Let m(f) = 55*f**2 + 1084*f + 716. Cal